Determine t(25).
5
Let p(w) = -4*w**2 + 144*w + 73. Determine p(36).
73
Let m(u) = u**2 + 349*u - 10065. Calculate m(-376).
87
Let p(j) = -4*j**3 - 18*j**2 + 10*j - 22. Give p(-5).
-22
Let r(n) = 91*n**2 + 5495*n - 2868. Determine r(-61).
548
Let m(p) = -4200*p - 231000. Give m(-55).
0
Let m(j) = -2*j**2 + 1909*j + 494596. What is m(-212)?
0
Let r(q) = 48*q**3 - 2*q**2 - 1899*q + 1898. Determine r(1).
45
Let r(n) = n**3 - 644*n**2 - 5096*n - 78238. Calculate r(652).
2
Let v(w) = 80*w + 1385. What is v(-6)?
905
Let t(o) = -223506*o + 10057786. Calculate t(45).
16
Let b(m) = -3*m**3 + 177*m**2 - 503*m - 71. Give b(56).
-15
Let r(h) = -395*h + 92449. Determine r(234).
19
Let s(m) = 18*m - 1456. Calculate s(39).
-754
Let q(k) = -5042*k + 186571. What is q(37)?
17
Let a(u) = -u**2 - 54*u - 435. Give a(-41).
98
Let t(a) = -84*a**3 + 417*a**2 + 33*a - 227. Give t(5).
-137
Let g(v) = -21*v**2 - 335*v - 1341. Determine g(-7).
-25
Let c(m) = -102311*m + 4297063. Determine c(42).
1
Let n(h) = -733*h**2 - 35922*h - 235. Calculate n(-49).
10
Let u(h) = -19*h**3 + 18394*h**2 - 2096*h + 154871. Give u(968).
-9
Let h(o) = 49921*o - 399744. Determine h(8).
-376
Let k(a) = -4745*a + 1190. Give k(1).
-3555
Let v(s) = 16*s**2 + 3562*s + 14255. What is v(-4)?
263
Let k(w) = 291*w + 2897. Determine k(-9).
278
Let l(m) = -4723*m - 10. Calculate l(0).
-10
Let m(l) = -95*l**2 - 1890*l + 4. Determine m(-20).
-196
Let w(h) = -13*h**3 - 141*h**2 - 108*h - 1420. Determine w(-11).
10
Let t(p) = -52958*p - 3071566. Determine t(-58).
-2
Let o(i) = 1786*i + 18203. What is o(-10)?
343
Let l(h) = h**3 + 228*h**2 - 30692*h - 2261. Give l(-323).
0
Let t(a) = 1652*a + 1957624. What is t(-1185)?
4
Let j(i) = 2*i**2 - 1249*i - 13351. Determine j(635).
-16
Let y(d) = -d**3 + 81*d**2 + 160*d + 800. Determine y(83).
302
Let x(o) = 817*o - 75658. What is x(92)?
-494
Let l(p) = -p**3 - 1581*p**2 - 3569*p - 648994. Determine l(-1579).
-25
Let t(a) = -a**3 + 1237*a**2 - 4956*a + 114. Determine t(4).
18
Let u(p) = -94*p**2 + 1451*p + 8569. What is u(-6)?
-3521
Let l(o) = -5135*o - 210539. Calculate l(-41).
-4
Let x(g) = 10*g**2 - 100*g + 66. What is x(11)?
176
Let a(k) = k**3 - 709*k**2 + 5616*k - 5532. Calculate a(701).
76
Let k(x) = -131*x - 125. Calculate k(2).
-387
Let j(n) = -22*n**3 + 839*n**2 + n - 4492. Determine j(38).
-122
Let f(p) = -16728*p - 66680. Give f(-4).
232
Let i(l) = 29983*l + 1259239. Give i(-42).
-47
Let v(g) = 6*g**2 + 28076*g - 140327. What is v(5)?
203
Let p(j) = -17*j**2 - 109*j + 228. What is p(-8)?
12
Let n(t) = 215*t**2 + 2662*t + 77. What is n(-12)?
-907
Let m(u) = -376*u - 15397. What is m(-41)?
19
Let x(h) = 5*h**2 - 593*h - 24099. Give x(-32).
-3
Let s(o) = -46*o**2 - 3625*o + 650. Calculate s(-79).
-61
Let x(j) = 2*j**3 - 10*j**2 - 232*j - 16. Give x(-10).
-696
Let q(c) = -478*c - 6856. Give q(-6).
-3988
Let t(j) = -j**2 + 91*j + 16414. Determine t(181).
124
Let h(t) = -5*t**2 + 522*t - 13160. Give h(47).
329
Let k(t) = t**3 - 476*t + 3549. What is k(8)?
253
Let x(y) = -116451*y - 23406644. Determine x(-201).
7
Let y(s) = 1648882*s - 13191068. Determine y(8).
-12
Let n(m) = -980*m - 14575. Give n(-15).
125
Let b(a) = 268*a**3 + 2755*a**2 + 5851*a - 12. Determine b(-3).
-6
Let g(o) = 3584*o + 25224. Determine g(-7).
136
Let m(i) = -82*i**2 - 845*i + 11. What is m(-10)?
261
Let l(k) = -2*k**2 + 26302*k - 2. What is l(0)?
-2
Let s(p) = p**2 - 116*p + 3353. Give s(58).
-11
Let k(i) = 21521*i - 172238. Give k(8).
-70
Let i(a) = 3*a**3 + 13*a**2 + 889*a + 7807. Give i(-8).
-9
Let h(a) = 3625*a + 366071. What is h(-101)?
-54
Let r(t) = -t**3 - 24*t**2 - 178*t - 782. Calculate r(-16).
18
Let a(s) = -s**3 + 189*s**2 + 774*s - 146280. Give a(189).
6
Let v(y) = 114*y - 5810. Calculate v(47).
-452
Let y(o) = -6*o**2 + 823*o + 409. What is y(137)?
546
Let q(r) = -r**2 + 952*r + 4770. Determine q(-5).
-15
Let o(a) = -2*a**2 - 3439*a + 41550. Determine o(12).
-6
Let i(d) = 645*d - 41968. Determine i(65).
-43
Let k(q) = q**2 - 29*q - 1598. Calculate k(-28).
-2
Let v(u) = -u**3 + 242*u**2 + 214*u + 7310. What is v(243)?
263
Let c(n) = -1594*n + 29868. Determine c(19).
-418
Let i(r) = r**3 + 13*r**2 - 11548*r - 138698. Determine i(-12).
22
Let s(z) = -8*z**3 - 74*z**2 + 14*z + 41. Give s(-8).
-711
Let z(k) = 2126*k - 529850. Determine z(249).
-476
Let j(r) = 40*r**2 - 263*r - 76. Determine j(7).
43
Let u(y) = 3399*y + 2383. Give u(-1).
-1016
Let m(n) = 248*n - 113. Give m(0).
-113
Let b(j) = -451*j - 37947. Give b(-84).
-63
Let z(t) = 908*t - 4426. Calculate z(8).
2838
Let d(z) = -z**3 - 78*z**2 + 403*z + 31437. Determine d(-78).
3
Let i(o) = 5727*o + 188693. Calculate i(-33).
-298
Let f(g) = g**3 + 26*g**2 - 37*g + 20. What is f(-26)?
982
Let s(i) = -16*i**3 - 492*i**2 - 890*i + 67. Determine s(-2).
7
Let g(r) = 1523*r + 28525. Calculate g(-19).
-412
Let u(k) = k**2 - 215017*k - 2150274. What is u(-10)?
-4
Let m(k) = -91866*k + 1194261. What is m(13)?
3
Let u(g) = -848*g - 89004. Determine u(-105).
36
Let q(b) = 2*b**3 - 48*b**2 + 214*b - 54. Give q(18).
-90
Let g(p) = -6*p**2 + 6*p + 80. Give g(-5).
-100
Let t(o) = -o**2 + 4597*o + 350389. Calculate t(-75).
-11
Let x(t) = t**3 + 14*t**2 - 3107*t - 57282. Determine x(-19).
-54
Let p(w) = 67850*w - 407173. Determine p(6).
-73
Let o(v) = -565*v + 303. Calculate o(0).
303
Let c(x) = 534*x - 12989. Determine c(24).
-173
Let d(m) = -76324*m - 1297506. Give d(-17).
2
Let s(c) = -15*c**2 + 2287*c + 16021. What is s(-7)?
-723
Let h(z) = -2*z**2 - 30308*z + 121299. Give h(4).
35
Let m(q) = 1251*q - 13680. What is m(11)?
81
Let o(z) = 3*z**2 + 5738*z - 40305. Determine o(7).
8
Let h(d) = -4189*d - 192405. Determine h(-46).
289
Let b(t) = t**2 - 1455*t + 338018. Calculate b(290).
168
Let f(s) = 88*s**3 + 172*s**2 - 5*s + 7. Give f(-2).
1
Let j(g) = -250054*g + 6251343. Determine j(25).
-7
Let l(y) = 17*y**2 - 23004*y + 430946. What is l(19)?
7
Let x(h) = 2663*h + 29288. Calculate x(-11).
-5
Let f(r) = -r**3 + 56*r**2 + 3269*r + 4189. Determine f(92).
233
Let y(q) = -3*q**2 - 1225*q + 24359. Determine y(19).
1
Let g(q) = 141192*q + 423614. Determine g(-3).
38
Let d(z) = -7*z**3 - 504*z**2 - 563*z - 4698. Give d(-71).
-12
Let v(h) = h**2 + 4331*h - 1409057. What is v(304)?
-17
Let c(r) = r**3 - 16*r**2 - 9296*r + 184246. Give c(20).
-74
Let p(j) = -2*j**2 - 18*j - 51. Determine p(-11).
-95
Let v(t) = 634*t - 7613. Give v(12).
-5
Let q(n) = 10313*n + 567205. Give q(-55).
-10
Let o(x) = -x**3 + 64*x**2 + 657*x - 1. Give o(73).
-1
Let x(b) = -6*b**3 + 361*b**2 - 140*b + 4827. Give x(60).
27
Let w(r) = r**3 - 204*r**2 + 8417*r - 1667450. Calculate w(203).
-8
Let m(t) = -4*t**2 - 1985*t + 11574. Calculate m(-502).
28
Let t(j) = 14*j**2 + 667*j + 4152. Calculate t(-34).
-2342
Let t(h) = -4969739*h - 9939478. What is t(-2)?
0
Let c(d) = -d**2 + 134*d - 2206. Determine c(113).
167
Let v(c) = 7*c**3 + 102*c**2 + 55*c + 160. Determine v(-14).
174
Let s(m) = -20372*m + 81509. What is s(4)?
21
Let q(m) = -2*m**2 + 189308*m + 4544549. Determine q(-24).
5
Let z(l) = -2611*l - 23293. Determine z(-9).
206
Let g(q) = -2*q**2 + 2*q + 228. Determine g(-32).
-1884
Let m(l) = l**3 - 6*l**2 - 109*l - 343. Calculate m(16).
473
Let p(i) = -29*i**3 + 15*i**2 - 59*i + 53. Determine p(2).
-237
Let f(v) = 2783*v + 4074316. Give f(-1464).
4
Let l(k) = -2*k**2 + 254*k - 3269. Give l(14).
-105
Let g(k) = -2*k**2 - 168*k + 9808. What is g(37)?
854
Let j(d) = -103*d - 5636. Determine j(-55).
29
Let b(k) = -6*k**2 + 2017*k + 18311. Determine b(345).
26
Let o(m) = -m**3 - 68*m**2 + 12*m + 723. Determine o(-68).
-93
Let n(c) = -6667*c + 566695. Determine n(85).
0
Let x(g) = 182*g + 1583. Give x(-11).
-419
Let m(s) = -2363*s + 32427. Give m(14).
-655
Let j(s) = -42*s**2 - 444*s - 221. Calculate j(-10).
19
Let v(r) = -1161*r + 188. Give v(0).
188
Let u(w) = 3865*w - 34834. Calculate u(9).
-49
Let b(u) = -1312*u - 3230. Give b(-2).
-606
Let y(c) = c**2 + 86*c + 1376. What is y(-64)?
-32
Let n(c) = 208*c**2 + 39100*c - 749. Calculate n(-188).
3
Let v(u) = -2808*u + 325960. What is v(116)?
232
Let g(z) = 3578*z - 1134259. Calculate g(317).
-33
Let l(c) = 64*c**2 + 110*c - 610. Give l(4).
854
Let r(h) = 200*h**2 - 5008*h + 51. What is r(25)?
-149
Let l(r) = 190221*r + 133